{"id":886,"date":"2018-11-27T11:56:21","date_gmt":"2018-11-27T09:56:21","guid":{"rendered":"http:\/\/ponyrundum.at\/\/wp-content\/uploads\/2018\/11\/Gr\u00fc\u00dfe-vom-Winter.jpeg"},"modified":"2018-11-27T11:56:21","modified_gmt":"2018-11-27T09:56:21","slug":"gruse-vom-winter","status":"inherit","type":"attachment","link":"http:\/\/ponyrundum.at\/?attachment_id=886","title":{"rendered":"Gr\u00fc\u00dfe vom Winter"},"author":349,"featured_media":0,"comment_status":"open","ping_status":"open","template":"","meta":[],"class_list":["post-886","attachment","type-attachment","status-inherit","hentry"],"description":{"rendered":"<p class=\"attachment\"><a href='http:\/\/ponyrundum.at\/wp-content\/uploads\/2018\/11\/Gr\u00fc\u00dfe-vom-Winter.jpeg'><img loading=\"lazy\" decoding=\"async\" width=\"300\" height=\"225\" src=\"http:\/\/ponyrundum.at\/wp-content\/uploads\/2018\/11\/Gr\u00fc\u00dfe-vom-Winter-300x225.jpg\" class=\"attachment-medium size-medium\" alt=\"\" srcset=\"http:\/\/ponyrundum.at\/wp-content\/uploads\/2018\/11\/Gr\u00fc\u00dfe-vom-Winter-300x225.jpg 300w, http:\/\/ponyrundum.at\/wp-content\/uploads\/2018\/11\/Gr\u00fc\u00dfe-vom-Winter-1024x768.jpg 1024w, http:\/\/ponyrundum.at\/wp-content\/uploads\/2018\/11\/Gr\u00fc\u00dfe-vom-Winter.jpeg 1600w\" sizes=\"auto, (max-width: 300px) 85vw, 300px\" \/><\/a><\/p>\n"},"caption":{"rendered":""},"alt_text":"","media_type":"image","mime_type":"image\/jpeg","media_details":{"width":"1600","height":"1200","hwstring_small":"height='96' width='128'","file":"2018\/11\/Gr\u00fc\u00dfe-vom-Winter.jpeg","sizes":{"thumbnail":{"file":"Gr\u00fc\u00dfe-vom-Winter-150x150.jpg","width":"150","height":"150","source_url":"http:\/\/ponyrundum.at\/wp-content\/uploads\/2018\/11\/Gr\u00fc\u00dfe-vom-Winter-150x150.jpg"},"medium":{"file":"Gr\u00fc\u00dfe-vom-Winter-300x225.jpg","width":"300","height":"225","source_url":"http:\/\/ponyrundum.at\/wp-content\/uploads\/2018\/11\/Gr\u00fc\u00dfe-vom-Winter-300x225.jpg"},"large":{"file":"Gr\u00fc\u00dfe-vom-Winter-1024x768.jpg","width":"1024","height":"768","source_url":"http:\/\/ponyrundum.at\/wp-content\/uploads\/2018\/11\/Gr\u00fc\u00dfe-vom-Winter-1024x768.jpg"},"full":{"file":"Gr\u00fc\u00dfe-vom-Winter.jpeg","width":1600,"height":1200,"mime_type":"image\/jpeg","source_url":"http:\/\/ponyrundum.at\/wp-content\/uploads\/2018\/11\/Gr\u00fc\u00dfe-vom-Winter.jpeg"}},"image_meta":{"aperture":"0","credit":"","camera":"","caption":"","created_timestamp":"0","copyright":"","focal_length":"0","iso":"0","shutter_speed":"0","title":""}},"post":885,"source_url":"http:\/\/ponyrundum.at\/wp-content\/uploads\/2018\/11\/Gr\u00fc\u00dfe-vom-Winter.jpeg","_links":{"self":[{"href":"http:\/\/ponyrundum.at\/index.php?rest_route=\/wp\/v2\/media\/886","targetHints":{"allow":["GET"]}}],"collection":[{"href":"http:\/\/ponyrundum.at\/index.php?rest_route=\/wp\/v2\/media"}],"about":[{"href":"http:\/\/ponyrundum.at\/index.php?rest_route=\/wp\/v2\/types\/attachment"}],"author":[{"embeddable":true,"href":"http:\/\/ponyrundum.at\/index.php?rest_route=\/wp\/v2\/users\/349"}],"replies":[{"embeddable":true,"href":"http:\/\/ponyrundum.at\/index.php?rest_route=%2Fwp%2Fv2%2Fcomments&post=886"}],"wp:attached-to":[{"embeddable":true,"post_type":"post","id":885,"href":"http:\/\/ponyrundum.at\/index.php?rest_route=\/wp\/v2\/posts\/885"}],"curies":[{"name":"wp","href":"https:\/\/api.w.org\/{rel}","templated":true}]}}

http://ponyrundum.at//wp-content/uploads/2018/11/Grüße-vom-Winter.jpeg

Grüße vom Winter

<p class="attachment"><a href='http://ponyrundum.at/wp-content/uploads/2018/11/Grüße-vom-Winter.jpeg'><img loading="lazy" decoding="async" width="300" height="225" src="http://ponyrundum.at/wp-content/uploads/2018/11/Grüße-vom-Winter-300x225.jpg" class="attachment-medium size-medium" alt="" srcset="http://ponyrundum.at/wp-content/uploads/2018/11/Grüße-vom-Winter-300x225.jpg 300w, http://ponyrundum.at/wp-content/uploads/2018/11/Grüße-vom-Winter-1024x768.jpg 1024w, http://ponyrundum.at/wp-content/uploads/2018/11/Grüße-vom-Winter.jpeg 1600w" sizes="auto, (max-width: 300px) 85vw, 300px" /></a></p>

2018/11/Grüße-vom-Winter.jpeg

Grüße-vom-Winter-150x150.jpg

http://ponyrundum.at/wp-content/uploads/2018/11/Grüße-vom-Winter-150x150.jpg

Grüße-vom-Winter-300x225.jpg

http://ponyrundum.at/wp-content/uploads/2018/11/Grüße-vom-Winter-300x225.jpg

Grüße-vom-Winter-1024x768.jpg

http://ponyrundum.at/wp-content/uploads/2018/11/Grüße-vom-Winter-1024x768.jpg

Grüße-vom-Winter.jpeg

http://ponyrundum.at/wp-content/uploads/2018/11/Grüße-vom-Winter.jpeg
